en 9 is divided by u.
1
What is the remainder when 16 is divided by -1 - 0 - (11 - 21)?
7
Let x = 24 + -1. Calculate the remainder when x is divided by 7.
2
Let s(o) = 2*o - 6. Let x be s(6). Suppose -2*w + x = 4*b, -w = -2*b - 0 - 3. What is the remainder when w is divided by 1?
0
Let b(k) = -k**2 + 14*k + 6. Let x be b(12). Let v = 11 + x. Calculate the remainder when v is divided by 11.
8
Calculate the remainder when (84/1)/(-2)*-1 is divided by 11.
9
Let v = -4 - -6. What is the remainder when (26 - 0)/(v + -1) is divided by 9?
8
Let c = -108 - -73. Let d = c + 55. What is the remainder when 38 is divided by d?
18
Let k be (-1 + 9)*12/16. Suppose -3*n = -k*n + 9. What is the remainder when 5 is divided by n?
2
Suppose -z = 3*z - 96. Suppose 3*a + z + 12 = 0. What is the remainder when 20 is divided by (14/3)/(a/(-18))?
6
Suppose -2*r = 4*b - b + 8, -8 = 4*r + 4*b. Let d = 13 - r. Calculate the remainder when (1 + 29)*(-4)/(-6) is divided by d.
9
Let o = 0 - -7. Calculate the remainder when 26 is divided by o.
5
Let y = 1 - -10. What is the remainder when 27 is divided by y?
5
Suppose 5 = -r + 4. Let b(f) = f**3 + 5*f**2 + 3*f + 2. What is the remainder when r*(-11)/(-1)*-1 is divided by b(-4)?
5
Suppose u + 0 - 2 = 0. Suppose -u*l + l = -15. What is the remainder when 1/(2/(-4)) + 31 is divided by l?
14
Let z = 9 + 4. What is the remainder when 25 is divided by z?
12
Let j(k) = -5*k - 10. Suppose -28 = -v + 3*b, -3 - 13 = -2*v - 2*b. What is the remainder when v is divided by j(-3)?
3
Let v = 47 - 33. Calculate the remainder when 18 is divided by v.
4
Suppose -6 = 2*j - 2*s, 0*s = -4*j + 3*s - 13. What is the remainder when (j/12)/(2/(-156)) is divided by 14?
12
Suppose -9*p + 3*v = -14*p + 36, -v = -p + 12. Calculate the remainder when 17 is divided by p.
8
Let k(t) = -t**3 - 4*t**2 + t + 5. Suppose -8 = 2*m - 10. What is the remainder when k(-4) is divided by m?
0
Let c(h) = -h**2 + 21*h - 4. What is the remainder when 39 is divided by c(20)?
7
Let i = -9 - -9. What is the remainder when 45 is divided by 6*2/(i - -1)?
9
Suppose -k - 4*k = 0. Let w = k + 3. What is the remainder when w is divided by 2?
1
Suppose -30 = -2*v + 44. Suppose -3*n = -2*n - v. What is the remainder when n is divided by 19?
18
Let d be -3 + 0 + (-1 - -4). Suppose 3*l - 63 = -d*l. Calculate the remainder when 61 is divided by l.
19
Let u = 2 - 2. Suppose 4*b + 2*m - 166 = u, 4*b + 3*m - 92 = 75. Calculate the remainder when b is divided by 14.
13
Let y = -7 + 18. Calculate the remainder when 21 is divided by y.
10
Let c = 65 - 37. Let q = -6 + 9. Let p(l) = l**2 + 1. What is the remainder when c is divided by p(q)?
8
Suppose 2*l + 5*r - 5 = 2*r, -4*r = 3*l - 10. Let j(z) = z**2 - 2*z + 3. What is the remainder when j(5) is divided by l?
8
Suppose 3*t + 155 = 8*t. What is the remainder when t is divided by 16?
15
Let i = 84 + -33. Suppose -3*m + 4*p + 39 = 2*m, -5*m + p = -i. Calculate the remainder when m is divided by 48/28*(-14)/(-4).
5
Let x(b) = 15*b - 5 + 21 - 13*b**2 - 14*b - b**3. Let p be x(-13). Suppose -2*d + 18 = r, r + 3*r = p*d + 105. What is the remainder when r is divided by 13?
11
Suppose -5*k + 4*n = -55, -4*k + 30 = k + n. Suppose w = -58 - k. Let t = -43 - w. What is the remainder when t is divided by 12?
10
Let w = 109 - 63. What is the remainder when w is divided by 25?
21
Suppose 21*j - 12 = 17*j. Calculate the remainder when 5 is divided by j.
2
Let y(w) = 0*w**3 - 5*w + 2*w**3 - 5*w**2 + 0*w - 3*w**3. What is the remainder when 7 + (0 - (1 + 0)) is divided by y(-4)?
2
Suppose -2*k + 64 = 3*u, -3*u - 4*k + 98 = 36. Let o = -2 + 67. What is the remainder when o is divided by u?
21
Suppose -4*m + 7 = -1, -5*m = -o - 19. Let y = -4 - o. What is the remainder when 9 is divided by y?
4
Let b(l) = l + 4. Let w(x) = -x - 2. Let a be w(-2). Suppose a = -2*v + 6. What is the remainder when 12 is divided by b(v)?
5
Suppose -9*s + 6*s = 96. Let n = s - -48. Calculate the remainder when 78 is divided by n.
14
Let a = -261 + 435. Suppose -2*u + 3*i = -2*i - 88, 3*i = -3*u + a. Let n = u + -38. Calculate the remainder when 30 is divided by n.
14
What is the remainder when (-6)/33 - (-2295)/99 is divided by 13?
10
Let s(n) = -n**3 + n**2 + 4*n + 3. Suppose -3*v - 2 = 4. Calculate the remainder when 25 is divided by s(v).
4
Suppose v - 3*i = 88 - 36, -5*v + 4*i = -205. Calculate the remainder when 109 is divided by v.
35
Suppose 5*m - 3*s - 72 = -0, -5*m + 2*s = -73. Calculate the remainder when 29 is divided by m.
14
Suppose -l + y = -110, 2*l + 108 = -2*y + 332. Calculate the remainder when l is divided by 28.
27
Let q be (0 + 3 - 4) + 41. Suppose 14 = -2*l + q. What is the remainder when 24 is divided by l?
11
What is the remainder when 62 is divided by (-2 + 4)/2 + 20?
20
Let c = 33 - 15. Let p = 19 + -17. Calculate the remainder when c is divided by 11/p - (-6)/(-12).
3
What is the remainder when 27 is divided by 13 + 6/(-1 + -1)?
7
Let y be ((-21)/(-6))/7*6. Suppose -y*w + 3*m = -18, 3*w + m - 8 - 30 = 0. What is the remainder when 20 is divided by w?
9
Suppose -3*k - 43 = -4*p, -3*p = -4*k - 23 - 4. Calculate the remainder when p is divided by (8 - (2 + 1)) + 3.
5
Let b be (5 - 6)/((-1)/(-6)). Let k(a) = -a**2 - 1 + 2 - 5 - 8*a. What is the remainder when 23 is divided by k(b)?
7
Let a = 23 + 0. Calculate the remainder when 67 is divided by a.
21
Let f = 58 - 11. Let w = -25 + f. Calculate the remainder when w is divided by 8.
6
Let p(o) = -o**2 - 18*o + 3. Let u be p(-8). Suppose 22 + u = 4*z - t, z - 21 = -5*t. Calculate the remainder when z is divided by 14.
12
Let j(y) be the first derivative of 4*y**4 + y**3/3 + y**2/2 - y + 3. Let n = 4 - -28. Calculate the remainder when n is divided by j(1).
15
Let p be 1/(1*3/54). Let q be 2*((-15)/(-2))/3. Suppose 0 = 2*m + 3*f - 32, p = q*m + 2*f - 73. What is the remainder when m is divided by 10?
9
Let j(w) = w - 14. Let o be j(14). Suppose o = -5*k + 4*z - 0 - 3, z = 2*k. Calculate the remainder when k is divided by 1.
0
Let v(d) = 4*d + 2 - 3*d + 5 - d**3. What is the remainder when v(0) is divided by 0/(-2 + 4) + 3?
1
Let v(z) = z + 22. Let i be v(0). What is the remainder when 19 is divided by (-10)/(-55) - (-238)/i?
8
Let n = -37 - -119. Calculate the remainder when n is divided by 28.
26
Let i = -180 + 276. Calculate the remainder when i is divided by 33.
30
Let a(f) be the second derivative of -13*f**3/6 - 2*f. Calculate the remainder when a(-1) is divided by 5.
3
Let x(g) = -g - 1. Let j be x(-1). Suppose 0 = -j*a - 2*a. Calculate the remainder when (2 - a - 1)*10 is divided by 4.
2
Suppose 2*v + 0*v - 8 = 0. Let z(q) = 5*q - 8. Calculate the remainder when z(v) is divided by 7.
5
Let o = -10 - -10. Let t = o + 31. What is the remainder when t is divided by 11?
9
Let g = 29 + 19. Suppose w + 13 = 2*w. What is the remainder when g is divided by w?
9
Let p = -98 + 109. What is the remainder when 15 is divided by p?
4
Suppose -6*l + 5*l = 0. Suppose -173 = -5*t - l*t + 4*n, 109 = 3*t - 5*n. What is the remainder when t is divided by 9?
6
Let q = 18 - 11. Calculate the remainder when 34 is divided by q.
6
What is the remainder when (-195 + -3)*(6 - 2)/(-4) is divided by 20?
18
Let b(s) = -14*s - 22. Calculate the remainder when 134 is divided by b(-4).
32
Suppose -2*v + 2*d + 8 = 0, 2*v = -0*d - d + 23. Calculate the remainder when v is divided by 6.
3
Suppose -h + 29 = 2*o - 11, 0 = -h - o + 41. What is the remainder when h is divided by 12?
6
Suppose -z + 2*z - x - 154 = 0, -5*z = 5*x - 740. Suppose 5*m - 84 = z. What is the remainder when m is divided by 16?
15
Let l be (-9)/1*(-3)/9. Let r be (-33)/2*(-4)/l. Suppose -5*o + 14 = 4*p - r, -3*o - 5*p = -32. What is the remainder when 10 is divided by o?
2
Suppose u + 3*f = -2*u + 30, -2*f - 40 = -2*u. Let j(m) = -2 + 1 + m**2 + 3 + 0. Calculate the remainder when u is divided by j(-2).
3
Let r = -46 + 48. Let l be 4/(-10) - 4/(-10). Suppose l = 4*h - 2 - 6. What is the remainder when r is divided by h?
0
Let p = 92 - 75. Calculate the remainder when 28 is divided by p.
11
Suppose 0*j = -4*j + 160. Calculate the remainder when j is divided by 200/14 + (-4)/14.
12
Suppose -h - 2*k = -15, -3*h + k - 3 + 41 = 0. Calculate the remainder when h is di